it of 5303?
5
What is the hundreds digit of 335?
3
What is the hundreds digit of 1450?
4
What is the hundreds digit of 17287?
2
What is the units digit of 101893?
3
What is the thousands digit of 2872?
2
What is the ten thousands digit of 14380?
1
What is the hundreds digit of 2460?
4
What is the units digit of 11634?
4
What is the tens digit of 26314?
1
What is the units digit of 1768?
8
What is the tens digit of 956?
5
What is the ten thousands digit of 39707?
3
What is the thousands digit of 181224?
1
What is the units digit of 5455?
5
What is the units digit of 996?
6
What is the tens digit of 9564?
6
What is the thousands digit of 4225?
4
What is the units digit of 39587?
7
What is the hundreds digit of 78219?
2
What is the units digit of 105085?
5
What is the thousands digit of 1226?
1
What is the thousands digit of 147643?
7
What is the thousands digit of 8325?
8
What is the tens digit of 117517?
1
What is the units digit of 28180?
0
What is the thousands digit of 4778?
4
What is the units digit of 49072?
2
What is the thousands digit of 2639?
2
What is the thousands digit of 112775?
2
What is the thousands digit of 22414?
2
What is the thousands digit of 1108?
1
What is the tens digit of 875?
7
What is the units digit of 9849?
9
What is the thousands digit of 143672?
3
What is the hundreds digit of 66704?
7
What is the thousands digit of 130995?
0
What is the units digit of 1410?
0
What is the tens digit of 2807?
0
What is the thousands digit of 19298?
9
What is the units digit of 892?
2
What is the thousands digit of 24752?
4
What is the hundreds digit of 397?
3
What is the units digit of 3840?
0
What is the tens digit of 172?
7
What is the hundreds digit of 2856?
8
What is the thousands digit of 1244?
1
What is the tens digit of 78?
7
What is the tens digit of 3942?
4
What is the hundreds digit of 1784?
7
What is the hundreds digit of 2830?
8
What is the ten thousands digit of 17843?
1
What is the units digit of 2442?
2
What is the hundreds digit of 640?
6
What is the hundreds digit of 1293?
2
What is the hundreds digit of 9626?
6
What is the units digit of 70022?
2
What is the units digit of 36507?
7
What is the hundreds digit of 6778?
7
What is the hundreds digit of 5544?
5
What is the ten thousands digit of 50271?
5
What is the thousands digit of 29477?
9
What is the tens digit of 167?
6
What is the tens digit of 986?
8
What is the units digit of 195?
5
What is the units digit of 2056?
6
What is the hundreds digit of 1026?
0
What is the ten thousands digit of 58855?
5
What is the tens digit of 80047?
4
What is the units digit of 62069?
9
What is the thousands digit of 33476?
3
What is the tens digit of 8311?
1
What is the units digit of 31569?
9
What is the tens digit of 2128?
2
What is the hundreds digit of 6737?
7
What is the hundreds digit of 4682?
6
What is the hundreds digit of 337?
3
What is the tens digit of 68901?
0
What is the hundreds digit of 319?
3
What is the ten thousands digit of 99031?
9
What is the units digit of 8688?
8
What is the units digit of 1223?
3
What is the thousands digit of 3895?
3
What is the hundreds digit of 96272?
2
What is the tens digit of 1044?
4
What is the hundreds digit of 561?
5
What is the tens digit of 156514?
1
What is the tens digit of 137?
3
What is the tens digit of 884?
8
What is the tens digit of 15238?
3
What is the thousands digit of 2113?
2
What is the hundreds digit of 43034?
0
What is the hundreds digit of 19240?
2
What is the thousands digit of 62066?
2
What is the hundreds digit of 7996?
9
What is the hundreds digit of 279?
2
What is the units digit of 181815?
5
What is the tens digit of 1227?
2
What is the ten thousands digit of 14489?
1
What is the thousands digit of 9418?
9
What is the tens digit of 2296?
9
What is the hundreds digit of 2208?
2
What is the hundreds digit of 494?
4
What is the hundreds digit of 159758?
7
What is the ten thousands digit of 20540?
2
What is the thousands digit of 3530?
3
What is the tens digit of 1489?
8
What is the tens digit of 4474?
7
What is the units digit of 185889?
9
What is the hundreds digit of 32361?
3
What is the hundreds digit of 4911?
9
What is the tens digit of 390?
9
What is the units digit of 6603?
3
What is the tens digit of 72?
7
What is the units digit of 73?
3
What is the units digit of 373?
3
What is the units digit of 7610?
0
What is the tens digit of 28035?
3
What is the units digit of 58441?
1
What is the units digit of 13496?
6
What is the units digit of 32?
2
What is the hundreds digit of 1958?
9
What is the thousands digit of 26069?
6
What is the units digit of 8959?
9
What is the ten thousands digit of 12069?
1
What is the units digit of 10154?
4
What is the hundreds digit of 14622?
6
What is the units digit of 3161?
1
What is the units digit of 2505?
5
What is the tens digit of 8108?
0
What is the units digit of 24620?
0
What is the tens digit of 4344?
4
What is the tens digit of 11043?
4
What is the units digit of 24133?
3
What is the hundreds digit of 4964?
9
What is the units digit of 2220?
0
What is the ten thousands digit of 41906?
4
What is the units digit of 821?
1
What is the thousands digit of 1039?
1
What is the tens digit of 9059?
5
What is the thousands digit of 1172?
1
What is the thousands digit of 2271?
2
What is the tens digit of 56022?
2
What is the units digit of 82074?
4
What is the thousands digit of 10808?
0
What is the units digit of 1635?
5
What is the ten thousands digit of 26347?
2
What is the tens digit of 14602?
0
What is the thousands digit of 16505?
6
What is the tens digit of 753?
5
What is the thousands digit of 2803?
2
What is the hundreds digit of 292?
2
What is the thousands digit of 2002?
2
What is the units digit of 2425?
5
What is the thousands digit of 1657?
1
What is the units digit of 4274?
4
What is the tens digit of 68386?
8
What is the tens digit of 8697?
9
What is the hundreds digit of 1724?
7
What is the hundreds digit of 4533?
5
What is the ten thousands digit of 20074?
2
What is the units digit of 4321?
1
What is the units digit of 7457?
7
What is the units digit of 68076?
6
What is the units digit of 1106?
6
What is the tens digit of 6726?
2
What is the units digit of 3093?
3
What is the thousands digit of 1130?
1
What is the tens digit of 20190?
9
What is the hundreds digit of 420?
4
What is the hundreds digit of 1643?
6
What is the units digit of 2?
2
What is the tens digit of 683?
8
What is the thousands digit of 84286?
4
What is the units digit of 742?
2
What is the hundreds digit of 5969?
9
What is the hundreds digit of 8748?
7
What is the thousands digit of 4835?
4
What is the hundreds digit of 462?
4
What is the units digit of 1084?
4
What is the thousands digit of 1768?
1
What is the hundreds digit of 360?
3
What is the units digit of 10808?
8
What is the tens digit of 4245?
4
What is the tens digit of 17014?
1
What is the hundreds digit of 877?
8
What is the units digit of 6191?
1
What is the tens digit of 1048?
4
What is the units digit of 11533?
3
What is the thousands digit of 2203?
2
What is the thousands digit of 1385?
1
What is the ten thousands digit of 27630?
2
What is the hundreds digit of 440?
4
What is the hundreds digit of 10132?
1
What is the tens digit of 3473?
7
What is the tens digit of 14777?
7
What is the ten thousands digit of 25489?
2
What is the units digit of 2820?
0
What is the units digit of 1436?
6
What is the units digit of 12873?
3
What is the hundreds digit of 544?
5
What is the hundreds digit of 238?
2
What is the thousands digit of 4293?
4
What is the units digit of 35194?
4
What is the units digit of 662?
2
What is the hundreds digit of 162898?
8
What is the units digit of 5086?
6
What is the tens digit of 232?
3
What is the tens digit of 2864?
6
What is the hundreds digit of 683?
6
What is the tens digit of 4314?
1
What is the tens digit of 2902?
0
What is the hundreds digit of 6450?
4
What is the tens digit of 84541?
4
What is the hundreds digit of 30318?
3
What is the units digit of 1364?
4
What is the units digit of 302?
2
What is the units digit of 5724?
4
What is the thousands digit of 15166?
5
What is the hundreds digit of 45297?
2
What is the tens digit of 76218?
1
What is the thousands digit of 61377?
1
What is the